v be l(10). Let t = -49 + v. What is the remainder when 71 is divided by t?
11
Let m(r) = r - 7. Let s be m(5). Let i = -109 + 461. Calculate the remainder when i/11 + (s - 1) is divided by 15.
14
Suppose 5*d - 79 = -59. What is the remainder when 394 is divided by d?
2
Suppose -3*v + 40 = l, -v - 45 = -5*l + 3*l. Let n = l - 37. Calculate the remainder when 58 is divided by ((-90)/n)/((-1)/(-4)).
28
Let w(a) = a**3 + 14*a**2 - 18*a - 33. Calculate the remainder when w(-15) is divided by 12.
0
Let h(u) = 3*u**2 - 5*u - 4. Suppose -3*r + 5*r - 76 = 0. Calculate the remainder when r is divided by h(3).
6
Let r = 44 + 111. Suppose r = 5*o + 5. Let v = -82 - -139. What is the remainder when v is divided by o?
27
Suppose 105 = 4*w + 29. Suppose 4*d - 404 = -5*z - 121, -3*d = 5*z - 211. What is the remainder when d is divided by w?
15
Let g = 38 - 46. Calculate the remainder when -1 - 0 - -3 - g is divided by 6.
4
What is the remainder when 54 is divided by (63/(-54))/((-7)/6 + 1)?
5
Let f = 85 + -77. Let y = 154 - 92. Calculate the remainder when y is divided by f.
6
Let q = 37 + 60. What is the remainder when q is divided by ((-688)/(-48) + -15)/((-2)/42)?
13
Let i be (2/4)/(4/(-16)) + -70. What is the remainder when 4 - i/4*2 is divided by 6?
4
Calculate the remainder when (-21180)/(-84) + (0 - 3/21) is divided by 86.
80
Let s be 10/(-1)*8/(-5). Let m(a) = 4*a + 17. Calculate the remainder when m(s) is divided by 21.
18
Let z = 30 - 33. What is the remainder when (-968)/(-12) - ((-16)/(-6) + z) is divided by 7?
4
Suppose -7*z + 262 = 10. What is the remainder when 63 is divided by z?
27
Suppose 0 = 9*o - 719 - 433. What is the remainder when 642 is divided by o?
2
Let m(d) = -d**3 - 36*d**2 + 79*d + 153. Calculate the remainder when m(-38) is divided by 9.
3
Let j be 4/10 + 174/15. Suppose -2*i = -5*i - j, 0 = -2*h - 3*i. Calculate the remainder when 14 is divided by h.
2
Let p(c) = -c**3 - 12*c**2 - c - 8. Let m be p(-12). Suppose 8 = -2*j - 5*o, -o - m = -0*o. What is the remainder when 21 is divided by j?
3
Let v be ((-4)/6 - -1)*3. Let r = -2702 + 2716. Calculate the remainder when (3/(-3))/(v/(-25)) is divided by r.
11
Let x(z) = -z**3 + 11*z**2 + 2*z - 16. Let s be x(11). Calculate the remainder when 5 is divided by (-14)/(-3) + s/18.
0
Let o(b) = -3*b + b**2 - 6 - 2*b + 9. Let v be o(-4). Let k = v - 14. What is the remainder when k is divided by 9?
7
Let o be ((-2)/(-1))/((-2)/9). Let r(b) be the second derivative of -b**4/12 - 4*b**3/3 + 6*b**2 + 51*b. What is the remainder when 10 is divided by r(o)?
1
Let n = 16 + -8. Let o(h) = -h**3 + 8*h**2 - 12*h - 1. Let t(m) = m**2 - 14*m + 18. Let u be t(13). What is the remainder when o(u) is divided by n?
6
Let x(f) = 7*f**2 + 3*f - 52. Suppose 4*n - 8 = 4. Suppose -2*b + 70 + 12 = -n*c, 0 = -b + 5*c + 55. What is the remainder when x(5) is divided by b?
33
What is the remainder when 1120/7 - (-5 - 3) is divided by 34?
32
Let d = 80 + -72. Suppose 2*a + 12 = -0*a. Calculate the remainder when d is divided by a/(-2) - (-2 + 2).
2
Let f(y) = -y**3 - 22*y**2 + 46*y - 19. Calculate the remainder when 147 is divided by f(-24).
2
Let j = 116 + -113. Let k(y) = 14*y**2 - 4. Let g(m) = m. Let i(r) = 2*g(r) + k(r). Calculate the remainder when i(j) is divided by 43.
42
Let r(z) = -17*z - 87. Suppose -5*y = -348 - 1042. Suppose 5*i - y + 58 = 0. What is the remainder when i is divided by r(-6)?
14
Let g(f) = -f - 4. Let b be g(-6). Suppose 4*h + b*i - 57 = -i, -3*h + 4*i + 49 = 0. Calculate the remainder when h is divided by 11.
4
Let z(r) = -r**3 - r**2 - 2. Let k be z(-2). Suppose w = -5*h - 12, 3*h - k + 4 = -w. What is the remainder when 73 is divided by w?
8
Let s be 5/2 + (-1)/2. Let h be 6 - (0/s - -3). Suppose -2*l = -3*l - t + 11, h*l - 3*t = 63. Calculate the remainder when l is divided by 10.
6
Let g be 105/(-10)*-8 + 1. Suppose 3*a + g - 226 = 0. Calculate the remainder when a is divided by 25.
22
Let b(m) = -m**3 - 21*m**2 - 13*m - 223. Calculate the remainder when 191 is divided by b(-21).
41
Suppose 0 = -5*z - 222 - 313. Let p = z - -189. What is the remainder when p is divided by ((-6)/(-3))/(1/14)?
26
Let x(t) = t**3 + 7*t**2 + 11*t + 4. Calculate the remainder when 35 is divided by x(-4).
3
Let l be (-3 - (-14)/4)*-18. Let p be (-61)/(-3) + 3/l. Suppose t = p - 1. What is the remainder when t is divided by 7?
5
Let j(z) = z**3 - 3*z**2 - 17*z - 55. What is the remainder when j(10) is divided by 53?
51
Calculate the remainder when 1438 is divided by 39 - ((-2)/(-4))/((-1)/2).
38
Let n(b) = 448*b + 32. Calculate the remainder when n(2) is divided by 30.
28
Suppose 998 = -45*y + 18593. Calculate the remainder when y is divided by 21.
13
Suppose -c - 3*p + 29 = -13, -156 = -5*c + 3*p. What is the remainder when c is divided by 5?
3
Let q = 202 - 199. What is the remainder when q is divided by 3?
0
Let b = -10 + 7. What is the remainder when 75 is divided by ((-7)/(-2))/(b/(-18))?
12
Let i(b) = -b**2 + 14*b + 1. Suppose -5*h - 2*u = -35, -u - 17 = -3*h - 3*u. What is the remainder when i(h) is divided by 12?
10
Let w = 90 - -97. What is the remainder when w is divided by 38?
35
Suppose q - 49 = -5*m, -m + 21 = -q + 4*q. Suppose -5*x + 273 = 2*w, -4*w + m*w = -x + 50. Calculate the remainder when x is divided by 29.
26
Let o be -7*(-7 + 4)/(-1). What is the remainder when 102 is divided by o/(-6)*364/49?
24
Let q(o) = -2*o**3 - 27*o**2 + 8*o - 30. Calculate the remainder when 538 is divided by q(-14).
52
Suppose 2*f - u - 73 = -32, -5*f + 107 = -u. What is the remainder when 181 is divided by f?
5
Calculate the remainder when 96 is divided by (-146)/(-14) - 48/112.
6
Let a(t) be the second derivative of t**3 + 20*t**2 + 24*t. Calculate the remainder when a(5) is divided by 12.
10
Suppose 4*f - 2*f - v = 4, 3*f = -4*v + 28. Calculate the remainder when (f/(-6))/((-11)/165)*7 is divided by 18.
16
Suppose -2*l - 3*o + 54 = 0, -6*l + 11*l - 125 = -5*o. Let h(a) = a**2 + 5*a + 3. What is the remainder when l is divided by h(-5)?
0
Let j be (3/(-3))/((-1)/5). Suppose 3*y - j*y = -4*t + 38, 4*t = y + 39. Calculate the remainder when 37 is divided by t.
7
Let m = 178 - 175. Suppose 3*t = -2*t - 65. What is the remainder when 2/t - (-1026)/78 is divided by m?
1
Suppose 2*f + 100 = 3*i, -5*i + 162 + 13 = 5*f. Calculate the remainder when 134 is divided by i.
32
Let x = 2130 + -2095. Suppose -v + 3*v = 36. What is the remainder when x is divided by v?
17
Suppose 0 = -u - 4*u + 15. Let x = 111 - 97. Calculate the remainder when x is divided by u.
2
Suppose 40*f - 27*f - 754 = 0. What is the remainder when 62 is divided by f?
4
Suppose -2*a - 2*a + 12 = 0. Let n = 107 - 83. Suppose -h = a*h - n. Calculate the remainder when 22 is divided by h.
4
Let d = -73 + 79. Let n(i) be the second derivative of -i**3/6 + 9*i**2/2 + i. What is the remainder when 7 is divided by n(d)?
1
Calculate the remainder when 135 is divided by 6/5*(43 + 52).
21
Let z = -458 + 510. What is the remainder when 197 is divided by z?
41
Let j(i) = 45*i - 8. What is the remainder when j(6) is divided by -36*(92/(-12) - -7)?
22
Suppose 4*x - 195 = -5*c, -4*x + 288 = -c + 87. Calculate the remainder when 145 is divided by x.
45
Suppose -4*w - s - 157 = 0, 3*w - s + 113 + 10 = 0. Suppose -14 - 1 = -3*h. Calculate the remainder when (-18)/h*w/12 is divided by 5.
2
Suppose -4*m - 5*n + 204 = 0, -31*n = -m - 27*n + 51. Calculate the remainder when 866 is divided by m.
50
Let k(c) = -c**2 + 9*c. Let p(r) = 10*r - 8. Let h be p(2). Calculate the remainder when k(5) is divided by (h/14)/((-5 - -3)/(-14)).
2
Let t(u) = 18*u**2 - 1. Suppose 2*v + 1 + 7 = 0. Let y = v + 14. What is the remainder when t(1) is divided by y?
7
Let b(m) = m**2 + 15*m + 16. Let v be b(-14). Suppose -v*u - 2*u - 32 = 0. What is the remainder when 49 is divided by ((-26)/u)/((-1)/(-4))?
10
Suppose r - 57 = u, 4*u - 5*u - 33 = 5*r. Let q = -21 - u. Calculate the remainder when q is divided by 13.
6
Let x = 61 - -22. Calculate the remainder when x is divided by 22.
17
Let k(x) = x**3 + 10*x**2 - 13*x - 21. What is the remainder when 536 is divided by k(-10)?
100
What is the remainder when (12 - 11)/(1/60) is divided by 41?
19
Let x be (2 + 7)/(9/12). Let h = 21 + -9. 